 = 5*f**3 + 21*f**2 + 3*f - 7. Give j(-4).
-3
Let z(o) = -o**3 + 7*o**2 + 6*o - 19. Give z(9).
-127
Let f(c) = -7*c + 35. Calculate f(19).
-98
Let x(s) = -2*s**2 + 3*s + 7. Calculate x(-3).
-20
Let f(s) = s**3 + 8*s**2 + 6*s + 12. Determine f(-8).
-36
Let l(y) = 11*y - 33. What is l(6)?
33
Let b(o) = -o**3 + 6*o**2 - 71*o + 541. Determine b(7).
-5
Let o(z) = z**3 + z**2 - z + 24. Calculate o(0).
24
Let t(f) = 16*f - 54. Give t(8).
74
Let j(k) = -k**2 + 4*k - 8. What is j(8)?
-40
Let d(v) = -9*v + 3. Give d(-3).
30
Let r(w) = w**3 + 23*w**2 + 24*w + 53. Determine r(-22).
9
Let m(x) = x**2 + 12*x + 22. Determine m(-11).
11
Let p(d) = 10*d**3 - d**2 - d + 1. Determine p(-1).
-9
Let r(m) = 5*m - 14. Determine r(2).
-4
Let j(g) = 5*g - 127. Determine j(20).
-27
Let c(s) = s + 16. Calculate c(-14).
2
Let o(j) = -j**3 + 6*j**2 + 9*j - 15. What is o(7)?
-1
Let q(c) = 2*c**2 - 7. Calculate q(3).
11
Let g(i) = 14*i + 37. Calculate g(-13).
-145
Let w(a) = a**2 - 8*a + 22. Determine w(6).
10
Let u(c) = c**3 - 26*c**2 - 59*c + 82. Give u(28).
-2
Let n(o) = -2*o**2 - 8*o + 111. Give n(6).
-9
Let o(d) = -2*d - 5. Give o(4).
-13
Let u(s) = -s**3 - 34*s**2 + 4*s + 152. Give u(-34).
16
Let b(j) = -19*j + 101. Determine b(5).
6
Let j(t) = 28*t + 54. What is j(-4)?
-58
Let o(j) = 10*j**2 + 57*j + 28. Determine o(-5).
-7
Let t(y) = -2*y**2 + 20*y + 40. Determine t(-2).
-8
Let f(u) = u + 14. Calculate f(-14).
0
Let z(x) = -x**3 + 9*x**2 - 8*x + 18. Determine z(6).
78
Let q(v) = 3*v + 25. Calculate q(-11).
-8
Let d(r) = -2*r - 5. Calculate d(-11).
17
Let j(v) = v**3 - 59*v**2 + v - 58. Determine j(59).
1
Let k(i) = i**3 - 11*i**2 + 13*i + 2. What is k(7)?
-103
Let g(h) = h**3 + 9. What is g(0)?
9
Let m(o) = -2*o + 41. What is m(16)?
9
Let t(o) = 12*o**3 + o + 1. Give t(-1).
-12
Let g(q) = q - 2. Calculate g(-6).
-8
Let i(a) = 12*a - 17. What is i(1)?
-5
Let y(j) = 5*j**2 + 4*j + 2. What is y(-2)?
14
Let t(n) = -3*n**2 - 7*n + 65. Give t(4).
-11
Let w(l) = 2*l**3 - 14*l**2 + 11*l - 7. What is w(6)?
-13
Let y(i) = -5*i + 66. What is y(11)?
11
Let r(j) = -j**3 + 40*j**2 + 84*j + 2. Calculate r(42).
2
Let r(g) = -10*g + 277. Give r(28).
-3
Let i(b) = b**3 + 14*b**2 + 7*b - 12. Determine i(-14).
-110
Let u(v) = -v**3 + 14*v**2 - v + 12. What is u(14)?
-2
Let c(l) = l - 3. Determine c(-3).
-6
Let a(i) = -i**3 + 3*i**2 + 16*i + 7. Determine a(6).
-5
Let n(j) = -j**2 - 10*j - 4. Give n(-7).
17
Let t(r) = 4*r**2 - 71*r - 17. What is t(18)?
1
Let u(b) = 3*b - 14. Determine u(5).
1
Let z(y) = -5*y + 227. Determine z(37).
42
Let i(v) = -2*v**2 + 20*v - 18. Determine i(8).
14
Let q(l) = l**3 - l**2 + 4. Determine q(2).
8
Let o(n) = -2*n + 4. Give o(-2).
8
Let r(d) = d**3 - 4*d**2 - 12*d - 7. What is r(6)?
-7
Let j(u) = -u**3 - 9*u**2 + 7. Determine j(-9).
7
Let q(x) = x**3 - x**2 + x + 65. What is q(0)?
65
Let p(t) = -t**3 - 6*t**2 - 3*t - 7. Calculate p(-5).
-17
Let a(l) = -7*l + 1. Determine a(7).
-48
Let b(h) = 5*h**2 - 15*h + 6. Determine b(3).
6
Let u(c) = 2*c**3 - c**2 - 2*c - 1. What is u(2)?
7
Let x(l) = -15*l**3 + 1. What is x(1)?
-14
Let d(o) = -o**2 + 9*o - 13. Calculate d(6).
5
Let r(v) = v**3 + v**2 - 7*v + 5. Give r(-4).
-15
Let i(o) = -2*o**3 + 59*o**2 - 33*o + 120. Determine i(29).
4
Let n(k) = -k**2 - 8*k - 1. Give n(-7).
6
Let x(l) = l - 1. Determine x(3).
2
Let k(w) = -w**3 - 10*w**2 + 11*w - 2. What is k(-11)?
-2
Let d(v) = 9*v - 76. Give d(6).
-22
Let w(g) = -35*g - 457. What is w(-13)?
-2
Let s(m) = -m**3 + 5*m**2 - 7*m - 9. Determine s(6).
-87
Let h(v) = -12*v**2 + v. What is h(2)?
-46
Let x(d) = 45*d + 115. What is x(-3)?
-20
Let c(u) = -5*u - 2. Calculate c(7).
-37
Let o(d) = -d**2 - 3. What is o(5)?
-28
Let k(n) = -3*n**2 + n + 2. Calculate k(2).
-8
Let z(i) = -i**2 + 18*i - 3. What is z(16)?
29
Let i(p) = -2*p**3 + p**2 + 4*p - 6. Determine i(3).
-39
Let h(s) = -s**3 + 19*s**2 - 19*s + 8. What is h(18)?
-10
Let q(y) = -4*y - 7. Determine q(-3).
5
Let h(c) = 4*c - 25. Calculate h(8).
7
Let b(o) = 15*o - 285. What is b(19)?
0
Let y(g) = -g**2 + 18*g + 113. Determine y(20).
73
Let g(z) = -2*z**3 + 4*z**2 - 4*z + 1. Give g(3).
-29
Let p(l) = l**2 - 13*l + 2. Give p(14).
16
Let h(m) = m**2 - 3*m + 3. Determine h(2).
1
Let n(f) = -6*f**2 + 12*f - 5. Determine n(6).
-149
Let f(z) = -9*z**3 - 2*z**2 + 1. Calculate f(-1).
8
Let t(v) = v**2 - 2*v - 12. Give t(7).
23
Let f(l) = -l**3 - 6*l**2 - 3*l - 23. Determine f(-6).
-5
Let s(x) = x**3 - 9*x**2 + 3*x + 9. Determine s(9).
36
Let q(k) = -2*k**3 - 2*k**2 + 11*k - 5. What is q(-4)?
47
Let t(i) = i**3 - i**2 - 9*i + 7. Calculate t(3).
-2
Let a(g) = -g**3 - 5*g**2 + 6*g - 8. Determine a(-6).
-8
Let w(h) = 43*h - 125. Determine w(3).
4
Let t(p) = -p**3 - 9*p**2 - 3*p - 13. What is t(-9)?
14
Let k(q) = -q**2 + 13*q - 39. Determine k(6).
3
Let y(c) = -c**3 - 8*c**2 - 8*c - 7. Determine y(-7).
0
Let h(v) = 2*v**2 - 10. Determine h(0).
-10
Let l(m) = -m**3 - 10*m**2 - 10*m - 2. Give l(-9).
7
Let y(o) = o**2 - 7*o + 17. What is y(5)?
7
Let d(w) = -w**2 + 2*w - 7. Determine d(-6).
-55
Let v(a) = -2*a**3 + 11*a**2 - 12*a + 23. What is v(5)?
-12
Let i(n) = 4*n - 2. What is i(-6)?
-26
Let w(z) = 9*z - 42. What is w(5)?
3
Let v(y) = 6*y**2 - y. Determine v(1).
5
Let u(h) = h**2 + 16*h - 30. Determine u(-15).
-45
Let p(g) = -4*g**3 + 4*g**2 - g - 2. Calculate p(2).
-20
Let g(w) = -w**2 + 2*w + 8. Give g(6).
-16
Let k(s) = s - 13. Determine k(15).
2
Let z(n) = n - 1. Determine z(3).
2
Let u(o) = -66*o - 272. What is u(-4)?
-8
Let f(w) = w**2 + 17*w - 23. Determine f(-16).
-39
Let k(x) = 4*x + 1. Determine k(1).
5
Let f(s) = s**2 + 6*s - 66. What is f(-11)?
-11
Let x(g) = g - 1. Calculate x(9).
8
Let f(j) = -j**2 + 15*j + 3. What is f(4)?
47
Let s(h) = -h**2 + 7*h - 6. Give s(6).
0
Let h(j) = -9*j + 21. Give h(5).
-24
Let r(p) = p**3 + 30*p**2 + 30*p + 74. Determine r(-29).
45
Let q(y) = 3*y + 12. Calculate q(11).
45
Let t(v) = -v**2 + v. What is t(-3)?
-12
Let t(p) = -p**3 + 16*p**2 - 16*p - 1. Determine t(15).
-16
Let j(r) = -r**2 + 16*r + 32. Give j(18).
-4
Let t(f) = f**3 + 8*f**2 - 5*f + 5. Give t(-9).
-31
Let a(n) = -9*n - 10. Calculate a(-4).
26
Let x(f) = f**2 + 7*f + 2. Calculate x(-7).
2
Let k(f) = -6*f**2 - 21*f + 137. What is k(-7)?
-10
Let f(c) = 5*c + 23. Calculate f(-3).
8
Let d(s) = -3*s**2 + 2*s - 6. Determine d(-4).
-62
Let f(g) = -6*g**3 + 3*g**2 - 3*g + 3. Calculate f(2).
-39
Let k(q) = -q**3 + 16*q**2 + 19*q - 42. Determine k(17).
-8
Let h(d) = -d**3 - 20*d**2 - 17*d + 35. Give h(-19).
-3
Let v(y) = -14*y**3 - 3*y**2 + y - 2. Calculate v(2).
-124
Let r(f) = f**2 + 3*f - 15. Determine r(-6).
3
Let u(o) = -5*o**3 - o**2 - 2*o - 2. Calculate u(-1).
4
Let d(m) = m**3 - 6*m**2 + 4*m - 37. Determine d(6).
-13
Let o(n) = n**3 + 2*n**2 - 3*n - 4. Determine o(-2).
2
Let y(n) = n + 1. Give y(10).
11
Let d(q) = -3*q**2 - 32*q + 14. Calculate d(-11).
3
Let d(k) = 4*k + 1. Calculate d(1).
5
Let m(h) = -h**2 + 285. What is m(17)?
-4
Let s(i) = -i**2 + 8*i + 23. Determine s(7).
30
Let n(t) = t**3 - 28*t**2 - 31*t + 70. Determine n(29).
12
Let a(l) = -l**2 - 21*l + 11. Calculate a(-20).
31
Let a(b) = -8*b - 45. What is a(-11)?
43
Let n(p) = 106*p + 621. Calculate n(-6).
-15
Let k(c) = c**3 + 14*c**2 - 32*c - 13. What is k(-16)?
-13
Let v(m) = -m**3 - 7*m**2 - 3*m - 9. What is v(-6)?
-27
Let m(v) = v**2 + 8*v + 9. Give m(-4).
-7
Let f(u) = u**3 - 12*u**2 + 14*u - 17. Determine f(11).
16
Let i(a) = a**2 - 6*a + 8. What is i(8)?
24
Let h(y) = -y**3 - 2*y**2 + 7*y - 12. What is h(0)?
-12
Let c(t) = t**2 + 14*t - 36. Give c(-16).
-4
Let c(x) = -10*x - 56. Give c(-6).
4
Let x(f) = -f**2 - 8*f + 108. Calculate x(-15).
3
Let u(d) = -d**3 + 3*d + 4. Determine u(-2).
6
Let g(z) = -9*z - 28. Calculate g(-4).
8
Let u(p) = -p**3 - p + 67. Determine u(0).
67
Let o(a) = -2*a - 23. Determine o(-6).
-11
Let k(s) = -s**3 + 13*s**2 + 29*s + 13. Calculate k(15).
-2
Let c(r) = r**3 - 9*r**2 + 2. Determine c(9).
2
Let t(b) = -3*b**3 + 2*b**2 + 2*b. Determine t(2).
-12
Let d(h) = -4*h + 2. Give d(7).
-26
Let k(l) = -l**2 + 14*l + 32. Determine k(-2).
0
Let f(o) = o**3 - 6*o**2 + 2*o + 7. Give f(5).
-8
Let p(x) = x**2 + 10*x - 21. Determine p(-9).
-30
Let t(b) = b**2 - 8*b + 4. Give t(5).
-11
Let d(h) = -14*h + 111. Calculate d(8).
-1
Let g(t